
5
What is 3 - (-1 + 10 - 8)?
2
What is the value of 4 - (-6 + -2 - -14)?
-2
Evaluate -4 + 6 + (2 + -2 - -1).
3
(-2 - 7) + 1 + -126 + 133
-1
What is (0 - (-2 - (-10 + 3))) + -2?
-7
Calculate 1 - (6 + 4) - -14.
5
Calculate 5 - 0 - (4 - -7).
-6
What is the value of (0 - (-1 - -1)) + (0 - -5)?
5
Evaluate -8 - -14 - (2 - -3).
1
Calculate -60 + 49 + 2 + (4 - 2).
-7
Evaluate 4 - (5 + (-8 - -4)).
3
What is the value of 1 + -2 + 2 + -3?
-2
What is the value of 2 + (-7 - -1 - -7 - 2)?
1
What is -2 - 4 - (-71 + 69)?
-4
Evaluate 13 - (-11 - (-9 + 6) - -14).
7
-10 - (-2 + 9 - 22)
5
Evaluate (2 - 10) + 3 + 1.
-4
Calculate 13 + -18 - (-2 - 8).
5
Calculate -7 - (-6 + -11) - 2.
8
-32 + 20 + (11 - 3)
-4
What is the value of 1 + (-5 - -13) - 5?
4
What is the value of 13 - (6 - -2) - 1?
4
What is 0 - -7 - 4 - 0?
3
What is -4 - (-3 + -1 + 0)?
0
Evaluate -1 - (4 - 6 - -5) - -1.
-3
Calculate 8 - ((-2 - -9) + -1).
2
What is (0 - 9) + 7 - 0?
-2
What is the value of -1 + (2 - 4) - (67 + -61)?
-9
-5 + 5 - (-3 - -2) - 0
1
What is the value of (-3 - -7) + (8 - 15)?
-3
-1 - (0 - (1 - 2))
-2
What is the value of -6 + 13 - 4 - (1 - 3)?
5
Calculate 11 + -16 - (-4 + 4).
-5
Evaluate 33 + -27 - (1 - 0).
5
What is -1 + -3 - (10 + -6)?
-8
What is the value of -1 + 2 - -2 - (-5 - -5)?
3
What is the value of -1 - -1 - (-15 - (-16 + 7))?
6
Calculate -6 - -15 - (1 + 3).
5
What is 0 - 4 - (-26 - -20)?
2
What is -9 + -4 + 4 + 10?
1
What is the value of (-7 - 1) + 2 - (-58 + 58)?
-6
What is the value of -4 + (7 + -10 - -6)?
-1
2 + 5 + -5 - 9 - -5
-2
Calculate 5 - ((-1 - (-2 - 1)) + 1).
2
(-20 - -13) + (12 - 3)
2
What is the value of -5 - ((-7 - (-3 + 2)) + 0)?
1
-3 + -1 + (6 - (5 + -3))
0
What is the value of 6 + 1 + 9 + -9?
7
-3 + 29 + -7 + -10
9
-5 - (-1 - (-3 + (8 - 5)))
-4
1 + 0 + -20 - -13
-6
What is the value of (-8 - (6 - 5)) + 10 + -7?
-6
What is the value of 30 + -29 + -1 + 3 + -1?
2
Evaluate (-11 - (6 + -18)) + (-3 - -1).
-1
What is the value of (2 - 1) + -5 + (-1 - -4)?
-1
What is 4 + -5 + -3 + 3 - 1?
-2
What is the value of -4 + -1 - (1 + -7) - -1?
2
Calculate -2 + 2 - (-6 + 9 + 5).
-8
What is -2 + (-3 - (-1 + 1)) + 3?
-2
-3 - ((-5 - -3) + 4)
-5
Evaluate -2 + 2 - 0 - (5 + -2).
-3
What is -9 + 4 - (1 - 7)?
1
Evaluate 2 + (5 + -10 - -9) + -10.
-4
What is the value of 14 + -9 - (1 + 2)?
2
0 + 1 + -5 - (-4 + -2)
2
Calculate (8 - 6 - (1 - -4)) + 1.
-2
Evaluate (5 - (-1 + 1 + 3)) + 3.
5
What is (14 - 14) + (1 - (-7 - -2))?
6
Calculate -2 - (-12 + (9 - 2)).
3
What is 9 + -4 + -5 + 6?
6
What is 3 + 2 + -3 + -4?
-2
-5 - (1 + -1 + 2 - 4)
-3
What is 0 + -8 + (9 - (13 - 5))?
-7
What is (18 - 15) + 6 + -4 + 1?
6
What is 10 + -9 + (-7 - -2)?
-4
What is the value of -4 + (15 - (18 + -10))?
3
Calculate 6 - (6 + 4 + -3).
-1
(3 - 1 - 2) + -3
-3
What is the value of 0 + -1 + 4 + -17 + 17?
3
What is the value of -4 - (2 - -5 - 4 - 2)?
-5
What is the value of -2 - -3 - (-5 - -3)?
3
4 - (0 + -3 + 4)
3
Calculate 17 + -16 + (0 - -2).
3
What is -4 - -2 - -4 - -4 - 3?
3
-7 + 1 - (14 - (12 - -8))
0
Evaluate (-2 - -7) + -2 - (-20 + 19).
4
Evaluate -3 - (1 + -10 + 6).
0
What is the value of (-5 - (-3 + 0)) + -4 + 1?
-5
(1 - 0) + -2 + (-36 - -30)
-7
2 - (6 + (5 - 1) + -2)
-6
What is the value of 7 - (4 + -2) - 1 - 0?
4
Calculate -2 + (8 - 19) + 4 + 1.
-8
What is the value of -5 - -5 - -5 - (-7 + 6)?
6
What is 1 + 2 + -2 - 4?
-3
12 - (2 + 4 + 1)
5
(3 - 1) + -3 + -1 + 6
4
Evaluate -4 - (-2 + 1) - (-38 - -26).
9
What is -4 + (-3 - -2) + 4?
-1
What is 1 - 2 - -4 - (-23 + 20)?
6
What is (-2 - -3) + (1 - 2) + -1?
-1
What is (1 - (2 - 3)) + (17 - 12)?
7
What is the value of 0 - -1 - (14 + -10)?
-3
What is the value of 5 - (6 + -3) - (2 + -1)?
1
What is 14 + -21 - (-14 + 0)?
7
0 + -6 + -2 + (-72 - -76)
-4
What is 10 + (7 - 2 - 10)?
5
What is 0 + 3 + (-3 - 4)?
-4
Evaluate -1 + 2 - (5 - 1).
-3
Evaluate -1 + 2 + -3 + 1.
-1
What is the value of 1 - ((9 + -5 - 7) + 9)?
-5
What is -12 + 18 + -14 + 0?
-8
What is the value of 76 + -75 - (-1 + 1)?
1
What is -1 + -9 + 6 + -3 + 9?
2
What is the value of (-3 - -4) + -1 + (-5 - -1)?
-4
What is 3 + (4 - -4) - (31 + -24)?
4
Evaluate 5 - (8 + -3) - (1 - 3).
2
1 + (-1 - -10) - 5
5
(-1 - (-5 + 1 + 1)) + -5
-3
Evaluate 3 - (6 - (0 - -6 - 1)).
2
-2 + 5 + -6 + (2 - -1)
0
What is 2 - ((-3 - -2) + 5)?
-2
What is -9 - (0 - (7 + 0 + -3))?
-5
What is 2 - 7 - (2 + -13)?
6
What is the value of 3 + 1 + (6 - (16 - 1))?
-5
Evaluate 0 + -5 + -6 + 9.
-2
What is the value of (2 - -1) + (-1 - 4)?
-2
Calculate 7 + (-11 - (0 - (11 + -3))).
4
What is (3 - (0 + 2)) + 3 - 8?
-4
Calculate (-1 + 5 + -2 - -1) + -2.
1
What is the value of -11 + 16 + (-2 + -2 - -2)?
3
What is the value of -4 + 2 + (-4 - -2) + 7?
3
What is the value of (-2 + 1 - 1) + (-27 - -29)?
0
What is the value of -3 - -1 - (-10 - -4) - 3?
1
Evaluate (4 - 2 - (-36 - -26)) + -4.
8
What is 1 - -2 - (1 - (5 + -3))?
4
Calculate (4 - 7 - -6 - 3) + -1.
-1
What is 12 - (2 + 7) - -2?
5
What is -5 + (-2 + -3 - -1) - -1?
-8
-1 + -3 + (-10 - (-14 - 3))
3
What is the value of -1 + 1 - ((9 - 13) + 6)?
-2
Evaluate 0 - (2 + 4 - 1).
-5
(1 - 2) + -1 + 1
-1
Evaluate -2 + -4 + 9 - 4.
-1
What is the value of -4 - -1 - (-1 + -4)?
2
(-2 + -1 - 0) + 390 + -388
-1
What is the value of 16 - 9 - (4 - (-1 - -3))?
5
What is the value of 0 + (4 - (8 + -2)) + 5?
3
What is the value of -21 + 10 - -8 - (1 - 7)?
3
What is -1 - (-7 + -1 + (-2 - -5))?
4
What is the value of -4 - (3 - 9) - (5 - 2)?
-1
Evaluate 1 + 8 - (14 - (4 + 4)).
3
Evaluate -4 - ((-9 - -4 - 2) + 9).
-6
4 - (-9 - (0 - 5))
8
What is the value of -23 - -21 - (-4 + (4 - 2))?
0
What is the value of 1 + (-2 - -3) + -1?
1
Calculate 5 + -3 + -1 + 5 + -7.
-1
Evaluate -6 + 3 + (-3 - -2) + 2.
-2
Calculate (1 - (-2 + 4)) + 1 - 3.
-3
What is the value of -121 + 110 - (1 + -6 - 1)?
-5
What is 6 + -10 + 5 + 5 + -12?
-6
What is -12 + (-1 - -6) + 2?
-5
What is 4 + -10 + (1 - 0)?
-5
Calculate 8 + (-1 - 2) + -3 + 0.
2
Evaluate -3 - -3 - ((4 - 2) + 1).
-3
(1 + -3 + 2 - -3) + 2
5
Calculate (11 - 5) + -3 + (-6 - -2).
-1
What is -9 - -12 - -6 - 6?
3
Calculate 9 + -3 + -3 + -3.
0
Evaluate -2 + 2 + (0 + -3 - 0).
-3
Calculate 3 + (-6 - (-8 + 3)) + -7.
-5
Calculate 4 + -2 - (-1 + 5).
-2
Evaluate -2 - -1 - (10 - 12) - 1.
0
What is -6 - (2 + -5 - 6)?
3
What is -11 - -10 - (0 - 1)?
0
Calculate 4 + 1 + -4 + 2.
3
What is the value of 0 - (-7 + 3 + 1)?
3
What is the value of -9 + (11 - 2 - 3)?
-3
What is the value of 0 + 0 - 13 - (-120 + 113)?
-6
Evaluate (6 - (-1 - 0)) + (-3 - 2).
2
What is 5 + -1 + (-7 - (7 + -4))?
-6
What is 9 + 3 - (-2 - -4 - -5)?
5
Evaluate 5 + -1 + -2 + -4.
-2
What is the value of (-1 - 1) + -3 - (0 - 3)?
-2
Evaluate -4 - (-3 + 3 + (2 - 9)).
3
What is the value of -7 - (-9 + -2 - -1)?
3
Calculate 1 - (2 + (-5 - (3 - 8))).
-1
What is (5 - (3 + 1)) + 1 + -1?
1
Evaluate -6 + (-9 + -1 - -2 - -13).
-1
(38 - 34) + (-4 - 0)
0
Calculate -4 + 1 + 8 - (-2 + 11).
-4
2 + -1 - ((-14 - 0) + 14)
1
Calculate 1 + (-1 - (5 + -3)).
-2
Calculate 7 + (6 - 15 - -3) + 8.
9
What is 8 + (7 - 15) - (-1 + -2)?
3
What is 1 + (-7 + 7 - 4)?
-3
What is the value of 0 + -1 - (6 + (14 - 20))?
-1
What is -8 - (-3 - (-8 + 10))?
-3
Calculate (-6 - -4) + 5 - 5.
-2
Evaluate -14 + (6 - -1 - (-91 - -93)).
-9
What is (2 - 7) + 10 + -10?
-5
What is -4 + -10 + 4 + 10?
0
Calculate -1 + (11 - 5) + -5.
0
Calculate 2 - (6 - 0 - 1).
-3
What is the value of -7 + 0 + 33 + -19?
7
Evaluate -8 - (6 - (12 + 7)).
5
Evaluate -6 + (7 + 10 - 7).
4
1 + (-5 - (-1 + 4 - 5))
-2
9 + (-11 - 0 - 2)
-4
Calculate 11 + -6 + -10 + (0 - -7).
2
Calculate 25 - 22 - (1 + 1).
1
What is the value of 9 - 13 - (0 + -5 - 1)?
2
Calculate -9 - -3 - (-11 - -3).
2
Calculate (7 - 13) + 7 - (-3 + -2).
6
Evaluate 5 - (3 - (-4 - 4)).
-6
Calculate (8 - 1) + -4 - 5.
-2
What is the value of (-3 - -7) + 0 - 1?
3
What is the value of -3 + -1 - (31 - 33)?
-2
Evaluate 3 - (-4 + -1) - 13.
-5
11 + (-6 - -4 - 5) - 2
2
Calculate 7 + (2 + -1 - 2) + -2.
4
Evaluate -4 + (2 - 2) + -6 + 1.
-9
1 + -2 - (-6 - (-3 - -1))
3
Calculate 4 + 2 + 1 + (-34 - -26).
-1
Evaluate 1 - 9 - (-73 - -72).
-7
Evaluate -6 - (-9 - (8 - 8)).
3
-1 + 4 - 2 - -3 - 5
-1
Evaluate 2 + (0 - -2) + -9 + 8.
3
What is the value of 2 + -2 + (0 - 4)?
-4
Evaluate (-6 - 0) + -15 + 17.
-4
What is the value of (-2 - 1) + (38 - 33)?
2
Evaluate 0